[INFO] cloning repository https://github.com/fnky/rust-chat
[INFO] running `Command { std: "git" "-c" "credential.helper=" "-c" "credential.helper=/workspace/cargo-home/bin/git-credential-null" "clone" "--bare" "https://github.com/fnky/rust-chat" "/workspace/cache/git-repos/https%3A%2F%2Fgithub.com%2Ffnky%2Frust-chat", kill_on_drop: false }`
[INFO] [stderr] Cloning into bare repository '/workspace/cache/git-repos/https%3A%2F%2Fgithub.com%2Ffnky%2Frust-chat'...
[INFO] running `Command { std: "git" "rev-parse" "HEAD", kill_on_drop: false }`
[INFO] [stdout] 0be15bdbb3e43f16f43bbf916c389ba75ddf4368
[INFO] checking fnky/rust-chat against try#72f88fc4e9458f89516a0b8b0868f3718aec5b47 for pr-74989
[INFO] running `Command { std: "git" "clone" "/workspace/cache/git-repos/https%3A%2F%2Fgithub.com%2Ffnky%2Frust-chat" "/workspace/builds/worker-7/source", kill_on_drop: false }`
[INFO] [stderr] Cloning into '/workspace/builds/worker-7/source'...
[INFO] [stderr] done.
[INFO] validating manifest of git repo https://github.com/fnky/rust-chat on toolchain 72f88fc4e9458f89516a0b8b0868f3718aec5b47
[INFO] running `Command { std: "/workspace/cargo-home/bin/cargo" "+72f88fc4e9458f89516a0b8b0868f3718aec5b47" "read-manifest" "--manifest-path" "Cargo.toml", kill_on_drop: false }`
[INFO] started tweaking git repo https://github.com/fnky/rust-chat
[INFO] finished tweaking git repo https://github.com/fnky/rust-chat
[INFO] tweaked toml for git repo https://github.com/fnky/rust-chat written to /workspace/builds/worker-7/source/Cargo.toml
[INFO] crate git repo https://github.com/fnky/rust-chat already has a lockfile, it will not be regenerated
[INFO] running `Command { std: "/workspace/cargo-home/bin/cargo" "+72f88fc4e9458f89516a0b8b0868f3718aec5b47" "fetch" "--locked" "--manifest-path" "Cargo.toml", kill_on_drop: false }`
[INFO] [stderr]     Blocking waiting for file lock on package cache
[INFO] [stderr]     Updating git repository `https://github.com/carllerche/mio`
[INFO] [stderr] error: the lock file /workspace/builds/worker-7/source/Cargo.lock needs to be updated but --locked was passed to prevent this
[INFO] [stderr] If you want to try to generate the lock file without accessing the network, use the --offline flag.
[INFO] the lockfile is outdated, regenerating it
[INFO] running `Command { std: "/workspace/cargo-home/bin/cargo" "+72f88fc4e9458f89516a0b8b0868f3718aec5b47" "generate-lockfile" "--manifest-path" "Cargo.toml" "-Zno-index-update", kill_on_drop: false }`
[INFO] [stderr]     Updating git repository `https://github.com/carllerche/mio`
[INFO] running `Command { std: "/workspace/cargo-home/bin/cargo" "+72f88fc4e9458f89516a0b8b0868f3718aec5b47" "fetch" "--locked" "--manifest-path" "Cargo.toml", kill_on_drop: false }`
[INFO] [stderr]  Downloading crates ...
[INFO] [stderr]   Downloaded ntapi v0.3.4
[INFO] running `Command { std: "docker" "create" "-v" "/var/lib/crater-agent-workspace/builds/worker-7/target:/opt/rustwide/target:rw,Z" "-v" "/var/lib/crater-agent-workspace/builds/worker-7/source:/opt/rustwide/workdir:ro,Z" "-v" "/var/lib/crater-agent-workspace/cargo-home:/opt/rustwide/cargo-home:ro,Z" "-v" "/var/lib/crater-agent-workspace/rustup-home:/opt/rustwide/rustup-home:ro,Z" "-e" "SOURCE_DIR=/opt/rustwide/workdir" "-e" "CARGO_TARGET_DIR=/opt/rustwide/target" "-e" "CARGO_HOME=/opt/rustwide/cargo-home" "-e" "RUSTUP_HOME=/opt/rustwide/rustup-home" "-w" "/opt/rustwide/workdir" "-m" "1610612736" "--user" "0:0" "--network" "none" "rustops/crates-build-env@sha256:d92eaeed33fa75130ca1ee6c8a01d1ffb62bac859dfdfb3450e3e5d1c0146529" "/opt/rustwide/cargo-home/bin/cargo" "+72f88fc4e9458f89516a0b8b0868f3718aec5b47" "metadata" "--no-deps" "--format-version=1", kill_on_drop: false }`
[INFO] [stdout] e71caa82937172d67a7dd339ff6ceca10a9bebb92a2740c84e46fbc7b90ad02a
[INFO] [stderr] WARNING: Your kernel does not support swap limit capabilities or the cgroup is not mounted. Memory limited without swap.
[INFO] running `Command { std: "docker" "start" "-a" "e71caa82937172d67a7dd339ff6ceca10a9bebb92a2740c84e46fbc7b90ad02a", kill_on_drop: false }`
[INFO] running `Command { std: "docker" "inspect" "e71caa82937172d67a7dd339ff6ceca10a9bebb92a2740c84e46fbc7b90ad02a", kill_on_drop: false }`
[INFO] running `Command { std: "docker" "rm" "-f" "e71caa82937172d67a7dd339ff6ceca10a9bebb92a2740c84e46fbc7b90ad02a", kill_on_drop: false }`
[INFO] [stdout] e71caa82937172d67a7dd339ff6ceca10a9bebb92a2740c84e46fbc7b90ad02a
[INFO] running `Command { std: "docker" "create" "-v" "/var/lib/crater-agent-workspace/builds/worker-7/target:/opt/rustwide/target:rw,Z" "-v" "/var/lib/crater-agent-workspace/builds/worker-7/source:/opt/rustwide/workdir:ro,Z" "-v" "/var/lib/crater-agent-workspace/cargo-home:/opt/rustwide/cargo-home:ro,Z" "-v" "/var/lib/crater-agent-workspace/rustup-home:/opt/rustwide/rustup-home:ro,Z" "-e" "SOURCE_DIR=/opt/rustwide/workdir" "-e" "CARGO_TARGET_DIR=/opt/rustwide/target" "-e" "CARGO_INCREMENTAL=0" "-e" "RUST_BACKTRACE=full" "-e" "RUSTFLAGS=--cap-lints=forbid" "-e" "CARGO_HOME=/opt/rustwide/cargo-home" "-e" "RUSTUP_HOME=/opt/rustwide/rustup-home" "-w" "/opt/rustwide/workdir" "-m" "1610612736" "--user" "0:0" "--network" "none" "rustops/crates-build-env@sha256:d92eaeed33fa75130ca1ee6c8a01d1ffb62bac859dfdfb3450e3e5d1c0146529" "/opt/rustwide/cargo-home/bin/cargo" "+72f88fc4e9458f89516a0b8b0868f3718aec5b47" "check" "--frozen" "--all" "--all-targets" "--message-format=json", kill_on_drop: false }`
[INFO] [stderr] WARNING: Your kernel does not support swap limit capabilities or the cgroup is not mounted. Memory limited without swap.
[INFO] [stdout] 1d6ff356db2bcafa791f87029e11c7bd5b31d12234449d951159d6b08ad22ad8
[INFO] running `Command { std: "docker" "start" "-a" "1d6ff356db2bcafa791f87029e11c7bd5b31d12234449d951159d6b08ad22ad8", kill_on_drop: false }`
[INFO] [stderr]    Compiling byteorder v1.3.4
[INFO] [stderr]    Compiling gcc v0.3.55
[INFO] [stderr]     Checking cfg-if v0.1.10
[INFO] [stderr]     Checking log v0.4.11
[INFO] [stderr]     Checking mio v0.7.0 (https://github.com/carllerche/mio#eef8d3b9)
[INFO] [stderr]     Checking sha1 v0.1.1
[INFO] [stderr]    Compiling http-muncher v0.2.5
[INFO] [stderr]     Checking chat v0.1.0 (/opt/rustwide/workdir)
[INFO] [stdout] error[E0432]: unresolved import `mio::tcp`
[INFO] [stdout]   --> src/main.rs:12:10
[INFO] [stdout]    |
[INFO] [stdout] 12 | use mio::tcp::*;
[INFO] [stdout]    |          ^^^ could not find `tcp` in `mio`
[INFO] [stdout] 
[INFO] [stdout] 
[INFO] [stdout] error[E0433]: failed to resolve: use of undeclared type or module `EventSet`
[INFO] [stdout]   --> src/main.rs:77:17
[INFO] [stdout]    |
[INFO] [stdout] 77 |       interest: EventSet::readable(),
[INFO] [stdout]    |                 ^^^^^^^^ use of undeclared type or module `EventSet`
[INFO] [stdout] 
[INFO] [stdout] 
[INFO] [stdout] error[E0432]: unresolved import `mio::tcp`
[INFO] [stdout]   --> src/main.rs:12:10
[INFO] [stdout]    |
[INFO] [stdout] 12 | use mio::tcp::*;
[INFO] [stdout]    |          ^^^ could not find `tcp` in `mio`
[INFO] [stdout] 
[INFO] [stdout] 
[INFO] [stdout] error[E0433]: failed to resolve: use of undeclared type or module `EventSet`
[INFO] [stdout]   --> src/main.rs:77:17
[INFO] [stdout]    |
[INFO] [stdout] 77 |       interest: EventSet::readable(),
[INFO] [stdout]    |                 ^^^^^^^^ use of undeclared type or module `EventSet`
[INFO] [stdout] 
[INFO] [stdout] 
[INFO] [stdout] error[E0433]: failed to resolve: use of undeclared type or module `EventSet`
[INFO] [stdout]   --> src/main.rs:94:26
[INFO] [stdout]    |
[INFO] [stdout] 94 |     self.interest.remove(EventSet::writable());
[INFO] [stdout]    |                          ^^^^^^^^ use of undeclared type or module `EventSet`
[INFO] [stdout] 
[INFO] [stdout] 
[INFO] [stdout] error[E0433]: failed to resolve: use of undeclared type or module `EventSet`
[INFO] [stdout]   --> src/main.rs:95:26
[INFO] [stdout]    |
[INFO] [stdout] 95 |     self.interest.insert(EventSet::readable());
[INFO] [stdout]    |                          ^^^^^^^^ use of undeclared type or module `EventSet`
[INFO] [stdout] 
[INFO] [stdout] 
[INFO] [stdout] error[E0433]: failed to resolve: use of undeclared type or module `EventSet`
[INFO] [stdout]    --> src/main.rs:117:34
[INFO] [stdout]     |
[INFO] [stdout] 117 |             self.interest.remove(EventSet::readable());
[INFO] [stdout]     |                                  ^^^^^^^^ use of undeclared type or module `EventSet`
[INFO] [stdout] 
[INFO] [stdout] 
[INFO] [stdout] error[E0433]: failed to resolve: use of undeclared type or module `EventSet`
[INFO] [stdout]    --> src/main.rs:118:34
[INFO] [stdout]     |
[INFO] [stdout] 118 |             self.interest.insert(EventSet::writable());
[INFO] [stdout]     |                                  ^^^^^^^^ use of undeclared type or module `EventSet`
[INFO] [stdout] 
[INFO] [stdout] 
[INFO] [stdout] error[E0433]: failed to resolve: use of undeclared type or module `EventSet`
[INFO] [stdout]    --> src/main.rs:159:35
[INFO] [stdout]     |
[INFO] [stdout] 159 | ...                   EventSet::readable(),
[INFO] [stdout]     |                       ^^^^^^^^ use of undeclared type or module `EventSet`
[INFO] [stdout] 
[INFO] [stdout] 
[INFO] [stdout] error[E0433]: failed to resolve: use of undeclared type or module `PollOpt`
[INFO] [stdout]    --> src/main.rs:160:35
[INFO] [stdout]     |
[INFO] [stdout] 160 | ...                   PollOpt::edge() | PollOpt::oneshot()).unwrap();
[INFO] [stdout]     |                       ^^^^^^^ use of undeclared type or module `PollOpt`
[INFO] [stdout] 
[INFO] [stdout] 
[INFO] [stdout] error[E0433]: failed to resolve: use of undeclared type or module `PollOpt`
[INFO] [stdout]    --> src/main.rs:160:53
[INFO] [stdout]     |
[INFO] [stdout] 160 | ...                   PollOpt::edge() | PollOpt::oneshot()).unwrap();
[INFO] [stdout]     |                                         ^^^^^^^ use of undeclared type or module `PollOpt`
[INFO] [stdout] 
[INFO] [stdout] 
[INFO] [stdout] error[E0433]: failed to resolve: use of undeclared type or module `PollOpt`
[INFO] [stdout]    --> src/main.rs:168:33
[INFO] [stdout]     |
[INFO] [stdout] 168 | ...                   PollOpt::edge() | PollOpt::oneshot()).unwrap();
[INFO] [stdout]     |                       ^^^^^^^ use of undeclared type or module `PollOpt`
[INFO] [stdout] 
[INFO] [stdout] 
[INFO] [stdout] error[E0433]: failed to resolve: use of undeclared type or module `PollOpt`
[INFO] [stdout]    --> src/main.rs:168:51
[INFO] [stdout]     |
[INFO] [stdout] 168 | ...                   PollOpt::edge() | PollOpt::oneshot()).unwrap();
[INFO] [stdout]     |                                         ^^^^^^^ use of undeclared type or module `PollOpt`
[INFO] [stdout] 
[INFO] [stdout] 
[INFO] [stdout] error[E0433]: failed to resolve: use of undeclared type or module `PollOpt`
[INFO] [stdout]    --> src/main.rs:180:33
[INFO] [stdout]     |
[INFO] [stdout] 180 | ...                   PollOpt::edge() | PollOpt::oneshot()).unwrap();
[INFO] [stdout]     |                       ^^^^^^^ use of undeclared type or module `PollOpt`
[INFO] [stdout] 
[INFO] [stdout] 
[INFO] [stdout] error[E0433]: failed to resolve: use of undeclared type or module `PollOpt`
[INFO] [stdout]    --> src/main.rs:180:51
[INFO] [stdout]     |
[INFO] [stdout] 180 | ...                   PollOpt::edge() | PollOpt::oneshot()).unwrap();
[INFO] [stdout]     |                                         ^^^^^^^ use of undeclared type or module `PollOpt`
[INFO] [stdout] 
[INFO] [stdout] 
[INFO] [stdout] error[E0433]: failed to resolve: use of undeclared type or module `TcpSocket`
[INFO] [stdout]    --> src/main.rs:191:23
[INFO] [stdout]     |
[INFO] [stdout] 191 |   let server_socket = TcpSocket::v4().unwrap();
[INFO] [stdout]     |                       ^^^^^^^^^ use of undeclared type or module `TcpSocket`
[INFO] [stdout] 
[INFO] [stdout] 
[INFO] [stdout] error[E0433]: failed to resolve: use of undeclared type or module `EventLoop`
[INFO] [stdout]    --> src/main.rs:198:24
[INFO] [stdout]     |
[INFO] [stdout] 198 |   let mut event_loop = EventLoop::new().unwrap();
[INFO] [stdout]     |                        ^^^^^^^^^ use of undeclared type or module `EventLoop`
[INFO] [stdout] 
[INFO] [stdout] 
[INFO] [stdout] error[E0433]: failed to resolve: use of undeclared type or module `EventSet`
[INFO] [stdout]    --> src/main.rs:208:27
[INFO] [stdout]     |
[INFO] [stdout] 208 |                           EventSet::readable(),
[INFO] [stdout]     |                           ^^^^^^^^ use of undeclared type or module `EventSet`
[INFO] [stdout] 
[INFO] [stdout] 
[INFO] [stdout] error[E0433]: failed to resolve: use of undeclared type or module `PollOpt`
[INFO] [stdout]    --> src/main.rs:209:27
[INFO] [stdout]     |
[INFO] [stdout] 209 |                           PollOpt::edge()).unwrap();
[INFO] [stdout]     |                           ^^^^^^^ use of undeclared type or module `PollOpt`
[INFO] [stdout] 
[INFO] [stdout] 
[INFO] [stdout] error[E0412]: cannot find type `TcpStream` in this scope
[INFO] [stdout]   --> src/main.rs:59:11
[INFO] [stdout]    |
[INFO] [stdout] 59 |   socket: TcpStream,
[INFO] [stdout]    |           ^^^^^^^^^ not found in this scope
[INFO] [stdout]    |
[INFO] [stdout] help: consider importing this struct
[INFO] [stdout]    |
[INFO] [stdout] 6  | use std::net::TcpStream;
[INFO] [stdout]    |
[INFO] [stdout] 
[INFO] [stdout] 
[INFO] [stdout] error[E0412]: cannot find type `EventSet` in this scope
[INFO] [stdout]   --> src/main.rs:62:13
[INFO] [stdout]    |
[INFO] [stdout] 62 |   interest: EventSet,
[INFO] [stdout]    |             ^^^^^^^^ not found in this scope
[INFO] [stdout] 
[INFO] [stdout] 
[INFO] [stdout] error[E0412]: cannot find type `TcpStream` in this scope
[INFO] [stdout]   --> src/main.rs:67:18
[INFO] [stdout]    |
[INFO] [stdout] 67 |   fn new(socket: TcpStream) -> WebSocketClient {
[INFO] [stdout]    |                  ^^^^^^^^^ not found in this scope
[INFO] [stdout]    |
[INFO] [stdout] help: consider importing this struct
[INFO] [stdout]    |
[INFO] [stdout] 6  | use std::net::TcpStream;
[INFO] [stdout]    |
[INFO] [stdout] 
[INFO] [stdout] 
[INFO] [stdout] error[E0412]: cannot find type `TcpListener` in this scope
[INFO] [stdout]    --> src/main.rs:129:11
[INFO] [stdout]     |
[INFO] [stdout] 129 |   socket: TcpListener,
[INFO] [stdout]     |           ^^^^^^^^^^^ not found in this scope
[INFO] [stdout]     |
[INFO] [stdout] help: consider importing this struct
[INFO] [stdout]     |
[INFO] [stdout] 6   | use std::net::TcpListener;
[INFO] [stdout]     |
[INFO] [stdout] 
[INFO] [stdout] 
[INFO] [stdout] error[E0405]: cannot find trait `Handler` in this scope
[INFO] [stdout]    --> src/main.rs:137:6
[INFO] [stdout]     |
[INFO] [stdout] 137 | impl Handler for WebSocketServer {
[INFO] [stdout]     |      ^^^^^^^ not found in this scope
[INFO] [stdout] 
[INFO] [stdout] 
[INFO] [stdout] error[E0412]: cannot find type `EventLoop` in this scope
[INFO] [stdout]    --> src/main.rs:141:40
[INFO] [stdout]     |
[INFO] [stdout] 141 |   fn ready(&mut self, event_loop: &mut EventLoop<WebSocketServer>, token: Token, events: EventSet) {
[INFO] [stdout]     |                                        ^^^^^^^^^ not found in this scope
[INFO] [stdout] 
[INFO] [stdout] 
[INFO] [stdout] error[E0412]: cannot find type `EventSet` in this scope
[INFO] [stdout]    --> src/main.rs:141:90
[INFO] [stdout]     |
[INFO] [stdout] 141 |   fn ready(&mut self, event_loop: &mut EventLoop<WebSocketServer>, token: Token, events: EventSet) {
[INFO] [stdout]     |                                                                                          ^^^^^^^^ not found in this scope
[INFO] [stdout] 
[INFO] [stdout] 
[INFO] [stdout] error[E0433]: failed to resolve: use of undeclared type or module `EventSet`
[INFO] [stdout]   --> src/main.rs:94:26
[INFO] [stdout]    |
[INFO] [stdout] 94 |     self.interest.remove(EventSet::writable());
[INFO] [stdout]    |                          ^^^^^^^^ use of undeclared type or module `EventSet`
[INFO] [stdout] 
[INFO] [stdout] 
[INFO] [stdout] error[E0433]: failed to resolve: use of undeclared type or module `EventSet`
[INFO] [stdout]   --> src/main.rs:95:26
[INFO] [stdout]    |
[INFO] [stdout] 95 |     self.interest.insert(EventSet::readable());
[INFO] [stdout]    |                          ^^^^^^^^ use of undeclared type or module `EventSet`
[INFO] [stdout] 
[INFO] [stdout] 
[INFO] [stdout] error[E0433]: failed to resolve: use of undeclared type or module `EventSet`
[INFO] [stdout]    --> src/main.rs:117:34
[INFO] [stdout]     |
[INFO] [stdout] 117 |             self.interest.remove(EventSet::readable());
[INFO] [stdout]     |                                  ^^^^^^^^ use of undeclared type or module `EventSet`
[INFO] [stdout] 
[INFO] [stdout] 
[INFO] [stdout] error[E0433]: failed to resolve: use of undeclared type or module `EventSet`
[INFO] [stdout]    --> src/main.rs:118:34
[INFO] [stdout]     |
[INFO] [stdout] 118 |             self.interest.insert(EventSet::writable());
[INFO] [stdout]     |                                  ^^^^^^^^ use of undeclared type or module `EventSet`
[INFO] [stdout] 
[INFO] [stdout] 
[INFO] [stdout] error[E0433]: failed to resolve: use of undeclared type or module `EventSet`
[INFO] [stdout]    --> src/main.rs:159:35
[INFO] [stdout]     |
[INFO] [stdout] 159 | ...                   EventSet::readable(),
[INFO] [stdout]     |                       ^^^^^^^^ use of undeclared type or module `EventSet`
[INFO] [stdout] 
[INFO] [stdout] 
[INFO] [stdout] error[E0433]: failed to resolve: use of undeclared type or module `PollOpt`
[INFO] [stdout]    --> src/main.rs:160:35
[INFO] [stdout]     |
[INFO] [stdout] 160 | ...                   PollOpt::edge() | PollOpt::oneshot()).unwrap();
[INFO] [stdout]     |                       ^^^^^^^ use of undeclared type or module `PollOpt`
[INFO] [stdout] 
[INFO] [stdout] 
[INFO] [stdout] error[E0433]: failed to resolve: use of undeclared type or module `PollOpt`
[INFO] [stdout]    --> src/main.rs:160:53
[INFO] [stdout]     |
[INFO] [stdout] 160 | ...                   PollOpt::edge() | PollOpt::oneshot()).unwrap();
[INFO] [stdout]     |                                         ^^^^^^^ use of undeclared type or module `PollOpt`
[INFO] [stdout] 
[INFO] [stdout] 
[INFO] [stdout] error[E0433]: failed to resolve: use of undeclared type or module `PollOpt`
[INFO] [stdout]    --> src/main.rs:168:33
[INFO] [stdout]     |
[INFO] [stdout] 168 | ...                   PollOpt::edge() | PollOpt::oneshot()).unwrap();
[INFO] [stdout]     |                       ^^^^^^^ use of undeclared type or module `PollOpt`
[INFO] [stdout] 
[INFO] [stdout] 
[INFO] [stdout] error[E0433]: failed to resolve: use of undeclared type or module `PollOpt`
[INFO] [stdout]    --> src/main.rs:168:51
[INFO] [stdout]     |
[INFO] [stdout] 168 | ...                   PollOpt::edge() | PollOpt::oneshot()).unwrap();
[INFO] [stdout]     |                                         ^^^^^^^ use of undeclared type or module `PollOpt`
[INFO] [stdout] 
[INFO] [stdout] 
[INFO] [stdout] error[E0433]: failed to resolve: use of undeclared type or module `PollOpt`
[INFO] [stdout]    --> src/main.rs:180:33
[INFO] [stdout]     |
[INFO] [stdout] 180 | ...                   PollOpt::edge() | PollOpt::oneshot()).unwrap();
[INFO] [stdout]     |                       ^^^^^^^ use of undeclared type or module `PollOpt`
[INFO] [stdout] 
[INFO] [stdout] 
[INFO] [stdout] error[E0433]: failed to resolve: use of undeclared type or module `PollOpt`
[INFO] [stdout]    --> src/main.rs:180:51
[INFO] [stdout]     |
[INFO] [stdout] 180 | ...                   PollOpt::edge() | PollOpt::oneshot()).unwrap();
[INFO] [stdout]     |                                         ^^^^^^^ use of undeclared type or module `PollOpt`
[INFO] [stdout] 
[INFO] [stdout] 
[INFO] [stdout] error[E0433]: failed to resolve: use of undeclared type or module `TcpSocket`
[INFO] [stdout]    --> src/main.rs:191:23
[INFO] [stdout]     |
[INFO] [stdout] 191 |   let server_socket = TcpSocket::v4().unwrap();
[INFO] [stdout]     |                       ^^^^^^^^^ use of undeclared type or module `TcpSocket`
[INFO] [stdout] 
[INFO] [stdout] 
[INFO] [stdout] error[E0433]: failed to resolve: use of undeclared type or module `EventLoop`
[INFO] [stdout]    --> src/main.rs:198:24
[INFO] [stdout]     |
[INFO] [stdout] 198 |   let mut event_loop = EventLoop::new().unwrap();
[INFO] [stdout]     |                        ^^^^^^^^^ use of undeclared type or module `EventLoop`
[INFO] [stdout] 
[INFO] [stdout] 
[INFO] [stdout] error[E0433]: failed to resolve: use of undeclared type or module `EventSet`
[INFO] [stdout]    --> src/main.rs:208:27
[INFO] [stdout]     |
[INFO] [stdout] 208 |                           EventSet::readable(),
[INFO] [stdout]     |                           ^^^^^^^^ use of undeclared type or module `EventSet`
[INFO] [stdout] 
[INFO] [stdout] 
[INFO] [stdout] error[E0433]: failed to resolve: use of undeclared type or module `PollOpt`
[INFO] [stdout]    --> src/main.rs:209:27
[INFO] [stdout]     |
[INFO] [stdout] 209 |                           PollOpt::edge()).unwrap();
[INFO] [stdout]     |                           ^^^^^^^ use of undeclared type or module `PollOpt`
[INFO] [stdout] 
[INFO] [stdout] 
[INFO] [stdout] error[E0412]: cannot find type `TcpStream` in this scope
[INFO] [stdout]   --> src/main.rs:59:11
[INFO] [stdout]    |
[INFO] [stdout] 59 |   socket: TcpStream,
[INFO] [stdout]    |           ^^^^^^^^^ not found in this scope
[INFO] [stdout]    |
[INFO] [stdout] help: consider importing this struct
[INFO] [stdout]    |
[INFO] [stdout] 6  | use std::net::TcpStream;
[INFO] [stdout]    |
[INFO] [stdout] 
[INFO] [stdout] 
[INFO] [stdout] error[E0412]: cannot find type `EventSet` in this scope
[INFO] [stdout]   --> src/main.rs:62:13
[INFO] [stdout]    |
[INFO] [stdout] 62 |   interest: EventSet,
[INFO] [stdout]    |             ^^^^^^^^ not found in this scope
[INFO] [stdout] 
[INFO] [stdout] 
[INFO] [stdout] error[E0412]: cannot find type `TcpStream` in this scope
[INFO] [stdout]   --> src/main.rs:67:18
[INFO] [stdout]    |
[INFO] [stdout] 67 |   fn new(socket: TcpStream) -> WebSocketClient {
[INFO] [stdout]    |                  ^^^^^^^^^ not found in this scope
[INFO] [stdout]    |
[INFO] [stdout] help: consider importing this struct
[INFO] [stdout]    |
[INFO] [stdout] 6  | use std::net::TcpStream;
[INFO] [stdout]    |
[INFO] [stdout] 
[INFO] [stdout] 
[INFO] [stdout] error[E0412]: cannot find type `TcpListener` in this scope
[INFO] [stdout]    --> src/main.rs:129:11
[INFO] [stdout]     |
[INFO] [stdout] 129 |   socket: TcpListener,
[INFO] [stdout]     |           ^^^^^^^^^^^ not found in this scope
[INFO] [stdout]     |
[INFO] [stdout] help: consider importing this struct
[INFO] [stdout]     |
[INFO] [stdout] 6   | use std::net::TcpListener;
[INFO] [stdout]     |
[INFO] [stdout] 
[INFO] [stdout] 
[INFO] [stdout] error[E0405]: cannot find trait `Handler` in this scope
[INFO] [stdout]    --> src/main.rs:137:6
[INFO] [stdout]     |
[INFO] [stdout] 137 | impl Handler for WebSocketServer {
[INFO] [stdout]     |      ^^^^^^^ not found in this scope
[INFO] [stdout] 
[INFO] [stdout] 
[INFO] [stdout] error[E0412]: cannot find type `EventLoop` in this scope
[INFO] [stdout]    --> src/main.rs:141:40
[INFO] [stdout]     |
[INFO] [stdout] 141 |   fn ready(&mut self, event_loop: &mut EventLoop<WebSocketServer>, token: Token, events: EventSet) {
[INFO] [stdout]     |                                        ^^^^^^^^^ not found in this scope
[INFO] [stdout] 
[INFO] [stdout] 
[INFO] [stdout] error[E0412]: cannot find type `EventSet` in this scope
[INFO] [stdout]    --> src/main.rs:141:90
[INFO] [stdout]     |
[INFO] [stdout] 141 |   fn ready(&mut self, event_loop: &mut EventLoop<WebSocketServer>, token: Token, events: EventSet) {
[INFO] [stdout]     |                                                                                          ^^^^^^^^ not found in this scope
[INFO] [stdout] 
[INFO] [stdout] 
[INFO] [stdout] error: aborting due to 24 previous errors
[INFO] [stdout] 
[INFO] [stdout] 
[INFO] [stdout] Some errors have detailed explanations: E0405, E0412, E0432, E0433.
[INFO] [stdout] 
[INFO] [stdout] For more information about an error, try `rustc --explain E0405`.
[INFO] [stdout] 
[INFO] [stdout] error: aborting due to 24 previous errors
[INFO] [stdout] 
[INFO] [stdout] 
[INFO] [stdout] Some errors have detailed explanations: E0405, E0412, E0432, E0433.
[INFO] [stdout] 
[INFO] [stdout] For more information about an error, try `rustc --explain E0405`.
[INFO] [stdout] 
[INFO] [stderr] error: could not compile `chat`.
[INFO] [stderr] 
[INFO] [stderr] To learn more, run the command again with --verbose.
[INFO] [stderr] warning: build failed, waiting for other jobs to finish...
[INFO] [stderr] error: build failed
[INFO] running `Command { std: "docker" "inspect" "1d6ff356db2bcafa791f87029e11c7bd5b31d12234449d951159d6b08ad22ad8", kill_on_drop: false }`
[INFO] running `Command { std: "docker" "rm" "-f" "1d6ff356db2bcafa791f87029e11c7bd5b31d12234449d951159d6b08ad22ad8", kill_on_drop: false }`
[INFO] [stdout] 1d6ff356db2bcafa791f87029e11c7bd5b31d12234449d951159d6b08ad22ad8
